{"id":146,"date":"2024-11-04T19:50:57","date_gmt":"2024-11-04T18:50:57","guid":{"rendered":"https:\/\/consultoresfb.com\/?page_id=146"},"modified":"2024-12-16T16:42:32","modified_gmt":"2024-12-16T15:42:32","slug":"blog","status":"publish","type":"page","link":"https:\/\/consultoresfb.com\/index.php\/blog\/","title":{"rendered":"BLOG"},"content":{"rendered":"\t\t<div data-elementor-type=\"wp-page\" data-elementor-id=\"146\" class=\"elementor elementor-146\" data-elementor-post-type=\"page\">\n\t\t\t\t\t\t<section class=\"elementor-section elementor-top-section elementor-element elementor-element-5893ab2c elementor-section-height-min-height elementor-section-boxed elementor-section-height-default elementor-section-items-middle\" data-id=\"5893ab2c\" data-element_type=\"section\" data-settings=\"{&quot;background_background&quot;:&quot;classic&quot;}\">\n\t\t\t\t\t\t\t<div class=\"elementor-background-overlay\"><\/div>\n\t\t\t\t\t\t\t<div class=\"elementor-container elementor-column-gap-default\">\n\t\t\t\t\t<div class=\"elementor-column elementor-col-100 elementor-top-column elementor-element elementor-element-28928651\" data-id=\"28928651\" data-element_type=\"column\">\n\t\t\t<div class=\"elementor-widget-wrap elementor-element-populated\">\n\t\t\t\t\t\t<div class=\"elementor-element elementor-element-d8f11b6 elementor-invisible elementor-widget elementor-widget-heading\" data-id=\"d8f11b6\" data-element_type=\"widget\" data-settings=\"{&quot;_animation&quot;:&quot;fadeInLeft&quot;,&quot;_animation_delay&quot;:200}\" data-widget_type=\"heading.default\">\n\t\t\t\t<div class=\"elementor-widget-container\">\n\t\t\t\t\t<h2 class=\"elementor-heading-title elementor-size-default\">Blog<\/h2>\t\t\t\t<\/div>\n\t\t\t\t<\/div>\n\t\t\t\t\t<\/div>\n\t\t<\/div>\n\t\t\t\t\t<\/div>\n\t\t<\/section>\n\t\t<div class=\"elementor-element elementor-element-b5dd390 e-flex e-con-boxed e-con e-parent\" data-id=\"b5dd390\" data-element_type=\"container\">\n\t\t\t\t\t<div class=\"e-con-inner\">\n\t\t\t\t<div class=\"elementor-element elementor-element-40ba09a elementor-grid-3 elementor-grid-tablet-2 elementor-grid-mobile-1 elementor-posts--thumbnail-top load-more-align-center elementor-widget elementor-widget-posts\" data-id=\"40ba09a\" data-element_type=\"widget\" data-settings=\"{&quot;pagination_type&quot;:&quot;load_more_on_click&quot;,&quot;classic_columns&quot;:&quot;3&quot;,&quot;classic_columns_tablet&quot;:&quot;2&quot;,&quot;classic_columns_mobile&quot;:&quot;1&quot;,&quot;classic_row_gap&quot;:{&quot;unit&quot;:&quot;px&quot;,&quot;size&quot;:35,&quot;sizes&quot;:[]},&quot;classic_row_gap_tablet&quot;:{&quot;unit&quot;:&quot;px&quot;,&quot;size&quot;:&quot;&quot;,&quot;sizes&quot;:[]},&quot;classic_row_gap_mobile&quot;:{&quot;unit&quot;:&quot;px&quot;,&quot;size&quot;:&quot;&quot;,&quot;sizes&quot;:[]},&quot;load_more_spinner&quot;:{&quot;value&quot;:&quot;fas fa-spinner&quot;,&quot;library&quot;:&quot;fa-solid&quot;}}\" data-widget_type=\"posts.classic\">\n\t\t\t\t<div class=\"elementor-widget-container\">\n\t\t\t\t\t\t\t<div class=\"elementor-posts-container elementor-posts elementor-posts--skin-classic elementor-grid\" role=\"list\">\n\t\t\t\t<article class=\"elementor-post elementor-grid-item post-17795 post type-post status-publish format-standard has-post-thumbnail hentry category-blog-fb\" role=\"listitem\">\n\t\t\t\t<a class=\"elementor-post__thumbnail__link\" href=\"https:\/\/consultoresfb.com\/index.php\/2025\/11\/25\/de-verdad-tenemos-que-ser-perfectos-para-ser-felices\/\" tabindex=\"-1\" >\n\t\t\t<div class=\"elementor-post__thumbnail\"><img fetchpriority=\"high\" decoding=\"async\" width=\"679\" height=\"1024\" src=\"https:\/\/consultoresfb.com\/wp-content\/uploads\/2025\/11\/SER-FELICES-SIN-SER-PERFECTOS-679x1024.jpg\" class=\"attachment-large size-large wp-image-17796\" alt=\"\" srcset=\"https:\/\/consultoresfb.com\/wp-content\/uploads\/2025\/11\/SER-FELICES-SIN-SER-PERFECTOS-679x1024.jpg 679w, https:\/\/consultoresfb.com\/wp-content\/uploads\/2025\/11\/SER-FELICES-SIN-SER-PERFECTOS-199x300.jpg 199w, https:\/\/consultoresfb.com\/wp-content\/uploads\/2025\/11\/SER-FELICES-SIN-SER-PERFECTOS-768x1159.jpg 768w, https:\/\/consultoresfb.com\/wp-content\/uploads\/2025\/11\/SER-FELICES-SIN-SER-PERFECTOS-1018x1536.jpg 1018w, https:\/\/consultoresfb.com\/wp-content\/uploads\/2025\/11\/SER-FELICES-SIN-SER-PERFECTOS-1358x2048.jpg 1358w, https:\/\/consultoresfb.com\/wp-content\/uploads\/2025\/11\/SER-FELICES-SIN-SER-PERFECTOS-scaled.jpg 1697w\" sizes=\"(max-width: 679px) 100vw, 679px\" \/><\/div>\n\t\t<\/a>\n\t\t\t\t<div class=\"elementor-post__text\">\n\t\t\t\t<h3 class=\"elementor-post__title\">\n\t\t\t<a href=\"https:\/\/consultoresfb.com\/index.php\/2025\/11\/25\/de-verdad-tenemos-que-ser-perfectos-para-ser-felices\/\" >\n\t\t\t\t\u00bfDE VERDAD TENEMOS QUE SER PERFECTOS PARA SER FELICES?\t\t\t<\/a>\n\t\t<\/h3>\n\t\t\t\t<div class=\"elementor-post__meta-data\">\n\t\t\t\t\t<span class=\"elementor-post-date\">\n\t\t\t25 novembre 2025\t\t<\/span>\n\t\t\t\t<span class=\"elementor-post-avatar\">\n\t\t\tAucun commentaire\t\t<\/span>\n\t\t\t\t<\/div>\n\t\t\t\t<div class=\"elementor-post__excerpt\">\n\t\t\t<p>\u2728 \u00bf\ud835\uddd7\ud835\uddf2 \ud835\ude03\ud835\uddf2\ud835\uddff\ud835\uddf1\ud835\uddee\ud835\uddf1 \ud835\ude01\ud835\uddf2\ud835\uddfb\ud835\uddf2\ud835\uddfa\ud835\uddfc\ud835\ude00 \ud835\uddfe\ud835\ude02\ud835\uddf2 \ud835\ude00\ud835\uddf2\ud835\uddff \ud835\uddfd\ud835\uddf2\ud835\uddff\ud835\uddf3\ud835\uddf2\ud835\uddf0\ud835\ude01\ud835\uddfc\ud835\ude00 \ud835\uddfd\ud835\uddee\ud835\uddff\ud835\uddee \ud835\ude00\ud835\uddf2\ud835\uddff \ud835\uddf3\ud835\uddf2\ud835\uddf9\ud835\uddf6\ud835\uddf0\ud835\uddf2\ud835\ude00? Hoy os queremos recomendar un libro: \u00ab\u00a0Ser felices sin ser perfectos\u00a0\u00bb de Javier Schlatter, que<\/p>\n\t\t<\/div>\n\t\t\n\t\t<a class=\"elementor-post__read-more\" href=\"https:\/\/consultoresfb.com\/index.php\/2025\/11\/25\/de-verdad-tenemos-que-ser-perfectos-para-ser-felices\/\" aria-label=\"En savoir plus sur \u00bfDE VERDAD TENEMOS QUE SER PERFECTOS PARA SER FELICES?\" tabindex=\"-1\" >\n\t\t\tLeer m\u00e1s\t\t<\/a>\n\n\t\t\t\t<\/div>\n\t\t\t\t<\/article>\n\t\t\t\t<article class=\"elementor-post elementor-grid-item post-17791 post type-post status-publish format-standard has-post-thumbnail hentry category-blog-fb\" role=\"listitem\">\n\t\t\t\t<a class=\"elementor-post__thumbnail__link\" href=\"https:\/\/consultoresfb.com\/index.php\/2025\/11\/17\/fast-life-slow-talent-contratar-sin-prisa-en-la-era-del-clic\/\" tabindex=\"-1\" >\n\t\t\t<div class=\"elementor-post__thumbnail\"><img decoding=\"async\" width=\"800\" height=\"534\" src=\"https:\/\/consultoresfb.com\/wp-content\/uploads\/2025\/11\/Imagen1-1024x683.jpg\" class=\"attachment-large size-large wp-image-17792\" alt=\"\" srcset=\"https:\/\/consultoresfb.com\/wp-content\/uploads\/2025\/11\/Imagen1-1024x683.jpg 1024w, https:\/\/consultoresfb.com\/wp-content\/uploads\/2025\/11\/Imagen1-300x200.jpg 300w, https:\/\/consultoresfb.com\/wp-content\/uploads\/2025\/11\/Imagen1-768x512.jpg 768w, https:\/\/consultoresfb.com\/wp-content\/uploads\/2025\/11\/Imagen1-1536x1024.jpg 1536w, https:\/\/consultoresfb.com\/wp-content\/uploads\/2025\/11\/Imagen1-2048x1365.jpg 2048w\" sizes=\"(max-width: 800px) 100vw, 800px\" \/><\/div>\n\t\t<\/a>\n\t\t\t\t<div class=\"elementor-post__text\">\n\t\t\t\t<h3 class=\"elementor-post__title\">\n\t\t\t<a href=\"https:\/\/consultoresfb.com\/index.php\/2025\/11\/17\/fast-life-slow-talent-contratar-sin-prisa-en-la-era-del-clic\/\" >\n\t\t\t\tFast Life, Slow Talent: contratar sin prisa en la era del clic\t\t\t<\/a>\n\t\t<\/h3>\n\t\t\t\t<div class=\"elementor-post__meta-data\">\n\t\t\t\t\t<span class=\"elementor-post-date\">\n\t\t\t17 novembre 2025\t\t<\/span>\n\t\t\t\t<span class=\"elementor-post-avatar\">\n\t\t\tAucun commentaire\t\t<\/span>\n\t\t\t\t<\/div>\n\t\t\t\t<div class=\"elementor-post__excerpt\">\n\t\t\t<p>Vivimos en la era del clic, donde todo &#8211; desde una compra hasta una conversaci\u00f3n profesional &#8211; ocurre en tiempo real. Lo queremos todo \u201cpara<\/p>\n\t\t<\/div>\n\t\t\n\t\t<a class=\"elementor-post__read-more\" href=\"https:\/\/consultoresfb.com\/index.php\/2025\/11\/17\/fast-life-slow-talent-contratar-sin-prisa-en-la-era-del-clic\/\" aria-label=\"En savoir plus sur Fast Life, Slow Talent: contratar sin prisa en la era del clic\" tabindex=\"-1\" >\n\t\t\tLeer m\u00e1s\t\t<\/a>\n\n\t\t\t\t<\/div>\n\t\t\t\t<\/article>\n\t\t\t\t<article class=\"elementor-post elementor-grid-item post-17762 post type-post status-publish format-standard hentry category-non-classe\" role=\"listitem\">\n\t\t\t\t<div class=\"elementor-post__text\">\n\t\t\t\t<h3 class=\"elementor-post__title\">\n\t\t\t<a href=\"https:\/\/consultoresfb.com\/index.php\/2025\/11\/14\/sofia-plasencia-y-almudena-santafe-en-encuentro-glthpoints\/\" >\n\t\t\t\tSOFIA PLASENCIA Y ALMUDENA SANTAF\u00c9 EN ENCUENTRO #GLTHpoints\t\t\t<\/a>\n\t\t<\/h3>\n\t\t\t\t<div class=\"elementor-post__meta-data\">\n\t\t\t\t\t<span class=\"elementor-post-date\">\n\t\t\t14 novembre 2025\t\t<\/span>\n\t\t\t\t<span class=\"elementor-post-avatar\">\n\t\t\tAucun commentaire\t\t<\/span>\n\t\t\t\t<\/div>\n\t\t\t\t<div class=\"elementor-post__excerpt\">\n\t\t\t<p>\u2728 Ayer, nuestras consultoras Sof\u00eda Plasencia Valerio y Almudena Santaf\u00e9 Rodrigo participaron en el encuentro de #GLTHpoints en la sede de Madrid, un espacio de<\/p>\n\t\t<\/div>\n\t\t\n\t\t<a class=\"elementor-post__read-more\" href=\"https:\/\/consultoresfb.com\/index.php\/2025\/11\/14\/sofia-plasencia-y-almudena-santafe-en-encuentro-glthpoints\/\" aria-label=\"En savoir plus sur SOFIA PLASENCIA Y ALMUDENA SANTAF\u00c9 EN ENCUENTRO #GLTHpoints\" tabindex=\"-1\" >\n\t\t\tLeer m\u00e1s\t\t<\/a>\n\n\t\t\t\t<\/div>\n\t\t\t\t<\/article>\n\t\t\t\t<article class=\"elementor-post elementor-grid-item post-17759 post type-post status-publish format-standard has-post-thumbnail hentry category-non-classe\" role=\"listitem\">\n\t\t\t\t<a class=\"elementor-post__thumbnail__link\" href=\"https:\/\/consultoresfb.com\/index.php\/2025\/11\/14\/curso-2025-2026-estamos-de-vuelta\/\" tabindex=\"-1\" >\n\t\t\t<div class=\"elementor-post__thumbnail\"><img decoding=\"async\" width=\"800\" height=\"600\" src=\"https:\/\/consultoresfb.com\/wp-content\/uploads\/2025\/11\/FOTO-VERANO-2025-1024x768.jpeg\" class=\"attachment-large size-large wp-image-17760\" alt=\"\" srcset=\"https:\/\/consultoresfb.com\/wp-content\/uploads\/2025\/11\/FOTO-VERANO-2025-1024x768.jpeg 1024w, https:\/\/consultoresfb.com\/wp-content\/uploads\/2025\/11\/FOTO-VERANO-2025-300x225.jpeg 300w, https:\/\/consultoresfb.com\/wp-content\/uploads\/2025\/11\/FOTO-VERANO-2025-768x576.jpeg 768w, https:\/\/consultoresfb.com\/wp-content\/uploads\/2025\/11\/FOTO-VERANO-2025-1536x1152.jpeg 1536w, https:\/\/consultoresfb.com\/wp-content\/uploads\/2025\/11\/FOTO-VERANO-2025-2048x1536.jpeg 2048w\" sizes=\"(max-width: 800px) 100vw, 800px\" \/><\/div>\n\t\t<\/a>\n\t\t\t\t<div class=\"elementor-post__text\">\n\t\t\t\t<h3 class=\"elementor-post__title\">\n\t\t\t<a href=\"https:\/\/consultoresfb.com\/index.php\/2025\/11\/14\/curso-2025-2026-estamos-de-vuelta\/\" >\n\t\t\t\tCURSO 2025\/2026: \u00a1ESTAMOS DE VUELTA!\t\t\t<\/a>\n\t\t<\/h3>\n\t\t\t\t<div class=\"elementor-post__meta-data\">\n\t\t\t\t\t<span class=\"elementor-post-date\">\n\t\t\t14 novembre 2025\t\t<\/span>\n\t\t\t\t<span class=\"elementor-post-avatar\">\n\t\t\tAucun commentaire\t\t<\/span>\n\t\t\t\t<\/div>\n\t\t\t\t<div class=\"elementor-post__excerpt\">\n\t\t\t<p>\u2728 \u00a1Estamos de vuelta! En\u00a0F&amp;B Consultores Legal\u00a0arrancamos el curso con much\u00edsima ilusi\u00f3n, energ\u00eda renovada y el firme prop\u00f3sito de seguir acompa\u00f1ando a personas y organizaciones<\/p>\n\t\t<\/div>\n\t\t\n\t\t<a class=\"elementor-post__read-more\" href=\"https:\/\/consultoresfb.com\/index.php\/2025\/11\/14\/curso-2025-2026-estamos-de-vuelta\/\" aria-label=\"En savoir plus sur CURSO 2025\/2026: \u00a1ESTAMOS DE VUELTA!\" tabindex=\"-1\" >\n\t\t\tLeer m\u00e1s\t\t<\/a>\n\n\t\t\t\t<\/div>\n\t\t\t\t<\/article>\n\t\t\t\t<article class=\"elementor-post elementor-grid-item post-17742 post type-post status-publish format-standard has-post-thumbnail hentry category-blog-fb\" role=\"listitem\">\n\t\t\t\t<a class=\"elementor-post__thumbnail__link\" href=\"https:\/\/consultoresfb.com\/index.php\/2025\/11\/14\/articulo-paula-fuentes-en-iberian-lawyer\/\" tabindex=\"-1\" >\n\t\t\t<div class=\"elementor-post__thumbnail\"><img loading=\"lazy\" decoding=\"async\" width=\"800\" height=\"813\" src=\"https:\/\/consultoresfb.com\/wp-content\/uploads\/2025\/11\/Captura-de-pantalla-2025-11-14-144155.png\" class=\"attachment-large size-large wp-image-17757\" alt=\"\" srcset=\"https:\/\/consultoresfb.com\/wp-content\/uploads\/2025\/11\/Captura-de-pantalla-2025-11-14-144155.png 830w, https:\/\/consultoresfb.com\/wp-content\/uploads\/2025\/11\/Captura-de-pantalla-2025-11-14-144155-295x300.png 295w, https:\/\/consultoresfb.com\/wp-content\/uploads\/2025\/11\/Captura-de-pantalla-2025-11-14-144155-768x781.png 768w\" sizes=\"(max-width: 800px) 100vw, 800px\" \/><\/div>\n\t\t<\/a>\n\t\t\t\t<div class=\"elementor-post__text\">\n\t\t\t\t<h3 class=\"elementor-post__title\">\n\t\t\t<a href=\"https:\/\/consultoresfb.com\/index.php\/2025\/11\/14\/articulo-paula-fuentes-en-iberian-lawyer\/\" >\n\t\t\t\tART\u00cdCULO PAULA FUENTES EN IBERIAN LAWYER\t\t\t<\/a>\n\t\t<\/h3>\n\t\t\t\t<div class=\"elementor-post__meta-data\">\n\t\t\t\t\t<span class=\"elementor-post-date\">\n\t\t\t14 novembre 2025\t\t<\/span>\n\t\t\t\t<span class=\"elementor-post-avatar\">\n\t\t\tAucun commentaire\t\t<\/span>\n\t\t\t\t<\/div>\n\t\t\t\t<div class=\"elementor-post__excerpt\">\n\t\t\t<p>\u2600\ufe0f Buenos d\u00edas! \ud83d\udce2 El pasado junio, nuestra Socia Directora, Paula Fuentes Bueso, que cuenta con una s\u00f3lida trayectoria asesorando a directivos y consejeros, escribi\u00f3<\/p>\n\t\t<\/div>\n\t\t\n\t\t<a class=\"elementor-post__read-more\" href=\"https:\/\/consultoresfb.com\/index.php\/2025\/11\/14\/articulo-paula-fuentes-en-iberian-lawyer\/\" aria-label=\"En savoir plus sur ART\u00cdCULO PAULA FUENTES EN IBERIAN LAWYER\" tabindex=\"-1\" >\n\t\t\tLeer m\u00e1s\t\t<\/a>\n\n\t\t\t\t<\/div>\n\t\t\t\t<\/article>\n\t\t\t\t<article class=\"elementor-post elementor-grid-item post-17723 post type-post status-publish format-standard has-post-thumbnail hentry category-blog-fb\" role=\"listitem\">\n\t\t\t\t<a class=\"elementor-post__thumbnail__link\" href=\"https:\/\/consultoresfb.com\/index.php\/2025\/01\/20\/20-anos-de-fb-consultores-legal-a-traves-de-sus-logos\/\" tabindex=\"-1\" >\n\t\t\t<div class=\"elementor-post__thumbnail\"><img loading=\"lazy\" decoding=\"async\" width=\"497\" height=\"441\" src=\"https:\/\/consultoresfb.com\/wp-content\/uploads\/2025\/01\/Captura-de-pantalla-2025-01-20-182508.png\" class=\"attachment-large size-large wp-image-17733\" alt=\"\" srcset=\"https:\/\/consultoresfb.com\/wp-content\/uploads\/2025\/01\/Captura-de-pantalla-2025-01-20-182508.png 497w, https:\/\/consultoresfb.com\/wp-content\/uploads\/2025\/01\/Captura-de-pantalla-2025-01-20-182508-300x266.png 300w\" sizes=\"(max-width: 497px) 100vw, 497px\" \/><\/div>\n\t\t<\/a>\n\t\t\t\t<div class=\"elementor-post__text\">\n\t\t\t\t<h3 class=\"elementor-post__title\">\n\t\t\t<a href=\"https:\/\/consultoresfb.com\/index.php\/2025\/01\/20\/20-anos-de-fb-consultores-legal-a-traves-de-sus-logos\/\" >\n\t\t\t\t20 A\u00d1OS DE F&amp;B CONSULTORES LEGAL A TRAV\u00c9S DE SUS LOGOS\t\t\t<\/a>\n\t\t<\/h3>\n\t\t\t\t<div class=\"elementor-post__meta-data\">\n\t\t\t\t\t<span class=\"elementor-post-date\">\n\t\t\t20 janvier 2025\t\t<\/span>\n\t\t\t\t<span class=\"elementor-post-avatar\">\n\t\t\tAucun commentaire\t\t<\/span>\n\t\t\t\t<\/div>\n\t\t\t\t<div class=\"elementor-post__excerpt\">\n\t\t\t<p>\ud83d\udc49 En 2024, cumplimos 20 a\u00f1os dedic\u00e1ndonos a lo que m\u00e1s nos gusta hacer: ayudar a las personas y aportar nuestro granito de arena en<\/p>\n\t\t<\/div>\n\t\t\n\t\t<a class=\"elementor-post__read-more\" href=\"https:\/\/consultoresfb.com\/index.php\/2025\/01\/20\/20-anos-de-fb-consultores-legal-a-traves-de-sus-logos\/\" aria-label=\"En savoir plus sur 20 A\u00d1OS DE F&amp;B CONSULTORES LEGAL A TRAV\u00c9S DE SUS LOGOS\" tabindex=\"-1\" >\n\t\t\tLeer m\u00e1s\t\t<\/a>\n\n\t\t\t\t<\/div>\n\t\t\t\t<\/article>\n\t\t\t\t<\/div>\n\t\t\t\t\t<span class=\"e-load-more-spinner\">\n\t\t\t\t<svg aria-hidden=\"true\" class=\"e-font-icon-svg e-fas-spinner\" viewBox=\"0 0 512 512\" xmlns=\"http:\/\/www.w3.org\/2000\/svg\"><path d=\"M304 48c0 26.51-21.49 48-48 48s-48-21.49-48-48 21.49-48 48-48 48 21.49 48 48zm-48 368c-26.51 0-48 21.49-48 48s21.49 48 48 48 48-21.49 48-48-21.49-48-48-48zm208-208c-26.51 0-48 21.49-48 48s21.49 48 48 48 48-21.49 48-48-21.49-48-48-48zM96 256c0-26.51-21.49-48-48-48S0 229.49 0 256s21.49 48 48 48 48-21.49 48-48zm12.922 99.078c-26.51 0-48 21.49-48 48s21.49 48 48 48 48-21.49 48-48c0-26.509-21.491-48-48-48zm294.156 0c-26.51 0-48 21.49-48 48s21.49 48 48 48 48-21.49 48-48c0-26.509-21.49-48-48-48zM108.922 60.922c-26.51 0-48 21.49-48 48s21.49 48 48 48 48-21.49 48-48-21.491-48-48-48z\"><\/path><\/svg>\t\t\t<\/span>\n\t\t\n\t\t\t\t<div class=\"e-load-more-anchor\" data-page=\"1\" data-max-page=\"19\" data-next-page=\"https:\/\/consultoresfb.com\/index.php\/wp-json\/wp\/v2\/pages\/146\/page\/2\/\"><\/div>\n\t\t\t\t<div class=\"elementor-button-wrapper\">\n\t\t\t<a class=\"elementor-button elementor-size-sm\" role=\"button\">\n\t\t\t\t\t\t<span class=\"elementor-button-content-wrapper\">\n\t\t\t\t\t\t\t\t\t<span class=\"elementor-button-text\">Cargar m\u00e1s<\/span>\n\t\t\t\t\t<\/span>\n\t\t\t\t\t<\/a>\n\t\t<\/div>\n\t\t\t\t<div class=\"e-load-more-message\"><\/div>\n\t\t\t\t\t\t<\/div>\n\t\t\t\t<\/div>\n\t\t\t\t\t<\/div>\n\t\t\t\t<\/div>\n\t\t\t\t<\/div>\n\t\t","protected":false},"excerpt":{"rendered":"<p>Blog<\/p>\n","protected":false},"author":1,"featured_media":0,"parent":0,"menu_order":0,"comment_status":"closed","ping_status":"closed","template":"elementor_header_footer","meta":{"footnotes":""},"class_list":["post-146","page","type-page","status-publish","hentry"],"_links":{"self":[{"href":"https:\/\/consultoresfb.com\/index.php\/wp-json\/wp\/v2\/pages\/146","targetHints":{"allow":["GET"]}}],"collection":[{"href":"https:\/\/consultoresfb.com\/index.php\/wp-json\/wp\/v2\/pages"}],"about":[{"href":"https:\/\/consultoresfb.com\/index.php\/wp-json\/wp\/v2\/types\/page"}],"author":[{"embeddable":true,"href":"https:\/\/consultoresfb.com\/index.php\/wp-json\/wp\/v2\/users\/1"}],"replies":[{"embeddable":true,"href":"https:\/\/consultoresfb.com\/index.php\/wp-json\/wp\/v2\/comments?post=146"}],"version-history":[{"count":22,"href":"https:\/\/consultoresfb.com\/index.php\/wp-json\/wp\/v2\/pages\/146\/revisions"}],"predecessor-version":[{"id":17675,"href":"https:\/\/consultoresfb.com\/index.php\/wp-json\/wp\/v2\/pages\/146\/revisions\/17675"}],"wp:attachment":[{"href":"https:\/\/consultoresfb.com\/index.php\/wp-json\/wp\/v2\/media?parent=146"}],"curies":[{"name":"wp","href":"https:\/\/api.w.org\/{rel}","templated":true}]}}